-98. Suppose 2*k - 16 = -3*c, 25 = 2*c + o*c + 3*k. Give b(c).
13
Suppose -15*x = 10*x + 125. Let s(w) = 7*w + 5. Determine s(x).
-30
Let d(r) = 3*r + 1. Let n(g) = -3*g - 1. Let q(f) = 3*d(f) + 2*n(f). Suppose -4*x = 4*o - x + 9, -4*o - 4*x - 12 = 0. Suppose p = -o*p - 3. What is q(p)?
-8
Let f(z) be the first derivative of z**3/3 - 3*z**2 - 6*z - 133. Give f(8).
10
Let g be 1/(3/9) + -1. Suppose -3*r + 11 = -4. Suppose r*k + 5*f = 0, 7 = -2*k - 3*f + g. Let p(i) = -i**2 + 5*i + 5. Determine p(k).
5
Let l(h) = h**2 + 7*h. Let c be 50/12 + 8/(-48). Let v be (2/(-3))/(c/(-174)). Suppose 1 = 4*u - 3, 0 = -5*q - u - v. Determine l(q).
-6
Let u(y) = -7*y**3 - 3*y**3 + 6*y**3 + y - y**2 + 5*y**3. Let t(b) = b**3 - 4*b**2 - 8*b + 4. Let g be t(5). Let s = -11 - g. What is u(s)?
0
Let k = -9 - -5. Let f(a) = -a - 1. Let t be f(k). Let v(d) = t - d + 1 + 0*d + 3. Give v(3).
4
Let t(v) = -5*v**3 - 11*v**2 + 11*v - 6. Let m(k) = 14*k**3 + 32*k**2 - 32*k + 18. Let q = 23 + -29. Let n(g) = q*m(g) - 17*t(g). Determine n(5).
19
Let p(l) = -2*l**3 - l. Let d(k) = 2*k**3 - 3*k**2 - 5*k - 2. Let t be d(-2). Let b be -3 - 2*(t/8 + 2). Determine p(b).
18
Let z(a) = 16*a - 8*a - 8*a + 5*a**2. Let x = -4 + 20. Let o = x - 17. Determine z(o).
5
Let u(k) = -k**3 + 7*k**2 - 6*k - 8. Suppose -3*z + z = w - 4, 0 = -3*w - 4*z + 2. Let m = 0 - w. Determine u(m).
-8
Let g(r) be the third derivative of -r**6/120 - 2*r**5/15 - r**4/6 - 3*r**3/2 + 2*r**2 + 527*r. What is g(-7)?
-30
Let f = 58 + -57. Suppose 2 = -5*m + 12. Let v(s) = -5*s**2 - f + 11*s**2 - s**3 - 3*s**m. Calculate v(3).
-1
Let m = 5 + -3. Suppose -5*v + m*p - 21 = 0, 0 = 5*v - 0*v + p + 12. Let i(f) = -3*f + 2. Let g(t) = -4*t + 1. Let j(d) = 4*g(d) - 5*i(d). What is j(v)?
-3
Let g(q) = q**2 - 2*q - 3. Let x be 0 + 130 + (-2)/(-1). Let s be x/60 - 8/(-10). Give g(s).
0
Suppose -3*z - 30 = -8*z. Let w(y) be the third derivative of -y**6/120 + y**5/10 + y**4/24 - 4*y**3/3 - 320*y**2. Determine w(z).
-2
Let a(n) be the third derivative of -13/24*n**4 + 20*n**2 + 0*n + 0 - 1/6*n**3. Give a(-1).
12
Let h(q) = -q**2 + 12*q - 6. Suppose -3*y - 4*x = -39, 0*y = 2*y - x - 26. What is h(y)?
-19
Let u(f) = -f**2 - f + 1. Let k(h) = -h**3 - 1. Let i be k(0). Let w be u(i). Let g(s) = 13*s**2 + 1 + 4*s - 14*s + 8*s - 4*s**2. Give g(w).
8
Let a(c) = c**2 + 3*c - 3. Let o be a(-3). Let i(k) = 14 + k + 2 + 3 - 19 + 4. Determine i(o).
1
Let r(x) = 4*x**3 + 8 - 2*x**2 - 3*x**2 + 14*x - 3*x**3 - 10*x**2. Determine r(14).
8
Let t(j) = -j**3 + 12*j**2 - 9*j + 4. Let c be t(11). Let q = c + -58. Let p = -28 - q. Let x(n) = -n - 4. Determine x(p).
-8
Let w = -137 - -146. Let g(i) = -2*i + 10. What is g(w)?
-8
Let k be (-2)/(-6) + (-2)/(-3). Let n(m) be the first derivative of -2*m - 23 + 1 + m + 4*m**3 - 3*m**3. Calculate n(k).
2
Let j(n) = 0*n + 1 - 2 - 2*n. Let y be j(-2). Let l(m) = -3 - 5*m - 5 + 7 + y*m. What is l(2)?
-5
Suppose 14 = -4*x + 2. Let i(b) = 4*b + 5. Let y(l) = l + 2. Let p(v) = x*i(v) + 8*y(v). What is p(-2)?
9
Let l(u) = u**2 - 2*u + 2. Suppose -8 + 16 = 4*r. What is l(r)?
2
Let m be -4 + (-5)/25*-5 - -2. Let q(a) = 2*a + 4. Let u(w) = w + 2. Let d(l) = -6*q(l) + 13*u(l). Calculate d(m).
1
Let r(g) = -1. Let v(y) = 6*y**2 - y - 25. Let x(f) = -4*r(f) + v(f). Let p(i) be the first derivative of x(i). Calculate p(-1).
-13
Let u(r) be the first derivative of -r**5/120 - r**4/24 + 5*r**3 - 18. Let k(l) be the third derivative of u(l). Give k(2).
-3
Let z = 31 - 29. Let l(q) = 3*q - q**2 + 7 + 4*q**z - 1 - 7. What is l(2)?
17
Let c(p) = p**3 + 3*p**2 - p + 2. Let q be c(-3). Suppose -2*w + 26 = 3*w - 3*y, 2*y - 16 = -q*w. Suppose -n = -w*n + 9. Let m(o) = o - 7. Give m(n).
-4
Let r(m) = m**3 + m + 11. Suppose 3*f - 3*p - 42 = 0, -4*f + 9*f + 5*p - 30 = 0. Let l be (-520)/44 + 2 - (-2)/(-11). Let n = f + l. Give r(n).
11
Let b(o) = -o**3 - 8*o**2 - 12*o - 2. Suppose p = -g - 6, 0 = -p + 34*g - 29*g. Determine b(p).
-17
Let k = 51 + -46. Let b(m) be the first derivative of m**3/3 - 3*m**2 + 2*m - 21. Determine b(k).
-3
Suppose 4*g - t = -3*t + 8, -4*g + 4*t + 32 = 0. Suppose -g*z + 4 = 0, m + z - 2 = 3. Let u(v) = v**3 - 5*v**2 + 5*v - 3. Determine u(m).
1
Let v(z) = 3*z**2 - z - 1. Suppose 5*s = -5*j - 15, -3*j - 8*s = -4*s + 11. Determine v(j).
3
Let n(q) be the first derivative of -10*q**3/3 - q**2/2 + 3. Let s(t) = -4*t + 5. Let h be s(1). Let g be (-4 - h)*(-4)/20. Calculate n(g).
-11
Let p(q) = -2*q**3 + 4*q**2 + q + 2. Let b be ((-3)/2)/(2/(-4)). Let o(a) = -5*a**3 + 9*a**2 + 2*a + 4. Let n(t) = b*o(t) - 7*p(t). What is n(-2)?
4
Let c be (-3 + (-54)/(-12))*(0 - -2). Let i(b) = -b - 238*b**c - 2 + 237*b**3 - 8*b**2 - 6*b. Calculate i(-7).
-2
Let q(s) = -9*s - 162. Let b be q(-18). Let w(k) = -k**3 + k**2 - k - 1. Give w(b).
-1
Let d(h) = -161*h**2 + 327*h**2 - 7*h - 169*h**2 + 3 - 2*h - 8*h. Give d(-6).
-3
Let c(s) = -s**2 - 2*s + 1. Let k(t) = t**2 + 4*t - 4. Let a = -12 - -14. Suppose h - a = i + 3, 3*h - 5 = i. Let z be k(i). Determine c(z).
-2
Let u(d) = -47*d**2 - 115*d**2 + 163*d**2 - 3*d + 7. What is u(3)?
7
Let n(t) = -1 + 0 + 0 - t + 2. Let d be n(1). Let w(h) = -h + 5. Determine w(d).
5
Suppose -15 = -2*o - 9. Let v(d) = -d**2 - 3*d + o - 6*d + 4*d + 3. Determine v(-6).
0
Let w(y) = -y**3 + 7*y**2 - 5*y - 4. Let a be w(6). Let t(z) = z + 30 - 33 - a*z. Determine t(-3).
0
Let a(t) = -t - 1. Let o be a(-3). Suppose 0 = -9*p + 7*p + 44. Let i(l) = p + 0*l**3 - 11 - 4*l - 8 + l**3. Determine i(o).
3
Let q(v) = v**2 + 34*v + 8*v + 3*v - 27*v + 19. Give q(-16).
-13
Let i(a) = a**3 + 8*a**2 + 7*a - 6. Let u be ((-76)/(-6))/(8/(-12)). Let v = u + 12. What is i(v)?
-6
Let r(q) = 23*q**2 + 3*q + 3. Let b be r(-4). Let u(j) = 2*j**2 - 11*j**2 - 360*j + b*j. What is u(-1)?
-8
Let i(o) = -14*o + 1. Let k(t) = 15*t - 1. Let v(w) = -6*i(w) - 5*k(w). Let g(s) = s**3 - 46*s**2 - 7*s + 321. Let h be g(46). Give v(h).
-10
Let i(s) = -9*s**2 - s + 2. Let b(c) = -c**2 + 17*c - 62. Let d be b(12). Give i(d).
-32
Let a(y) = 3*y + 2 + 14 + 3*y**2 - y**3 - 5 - 9*y**2. Calculate a(-6).
-7
Let u(r) = r**2 - 7*r + 5. Let a(x) = -x**2 - 2*x + 1. Let o(f) = 2*a(f) + u(f). What is o(-11)?
7
Let l(s) be the third derivative of s**5/60 - s**3/6 + 4*s**2. Let m(i) = 59*i**2 + 2*i - 1. Let b be m(1). Let a = -61 + b. What is l(a)?
0
Let z(k) = -k**3 + 8*k**2 + 8*k + 10. Let v be z(9). Let w(p) = 1. Let s(i) = i - 13. Let x be 162/(-9)*2/(-6). Let q(a) = v*s(a) + x*w(a). Give q(4).
-3
Let w(g) = -2 - 2 + 3*g - g**2 + 1. Let z = -2 - -5. Let r be 3 - (z - (1 - -2)). Determine w(r).
-3
Let p(r) be the second derivative of -7/2*r**2 - 1/6*r**3 + 0 + r. Let w(s) = -66*s + 462. Let t be w(7). What is p(t)?
-7
Let y(s) = 8*s**3 - 2*s**2 - 2. Let x(p) = -p**2 - p - 1. Let q(i) = -x(i) + y(i). Let j(t) = t**3 - 12*t**2 - 13*t + 1. Let a be j(13). What is q(a)?
7
Let p be 7/((-14)/4) + 0. Let y be (-4 + (-14 - 0))/p. Let s be (-3)/y - (-13)/3. Let v(t) = t**3 - 3*t**2 - 6*t + 2. What is v(s)?
-6
Let f(o) = -o**3 - 4*o**2 + 7*o + 7. Let s(v) = 10*v + 335. Let j be s(-34). Give f(j).
-3
Let w(h) = 11*h + 81. Let c be w(-7). Let s(n) = n - 6. Determine s(c).
-2
Let x(y) = 13*y + 103. Suppose -8*h + 256 = -40*h. Give x(h).
-1
Let a = 0 + 2. Let x(b) = 0*b + 2*b + 4*b - 8 + a*b - b**2. Let v = -5 - -11. Determine x(v).
4
Suppose -o - 4*o = -10. Let p(b) = o*b + b - 5*b - 2. Give p(2).
-6
Suppose 5*b - 5 = 20. Let m(c) = c**3 - 4*c**2 - 5*c. Determine m(b).
0
Let q(d) = d**2 - d - 1. Let n(i) = -i**3 + 2*i. Let u(a) = n(a) + q(a). Determine u(0).
-1
Let k(r) = r**2 + r. Let j(g) = g + 18. Let w be j(-17). Let f(u) = 6*u**2 + 12*u - 2. Let c(y) = w*f(y) - 5*k(y). Give c(-7).
-2
Let b = 74 - 59. Suppose 4*q - b = i + 3, q - 3 = i. Let o(n) = n**3 - 4*n**2 - 3*n - 2. Determine o(q).
8
Let z(g) = -g - 1. Let k(o) = -o**2 + 2*o - 5. Let h(y) = -k(y) - 3*z(y). Let q(m) = -m**3 - m**2 - m + 9. Let j be q(0). Suppose -j*x = -11*x. Give h(x).
8
Let t(n) be the first derivative of n**6/120 - n**5/60 - n**4/6 + n**3/6 + 39*n**2/2 + 32. Let l(z) be the second derivative of t(z). Give l(3).
7
Let b(f) = 8*f + 9*f - f**2 - f**3 - 30*f**3 - f**2 - 18*f. What is b(-1)?
30
Let q = -26 + 28. Let f(n) = 2*n - 1. Calculate f(q).
3
Suppose 5*n = 112 + 3. Suppose 3 - n